111011202201
In base 11, what is -412 + -2aa18?
-3032a
In base 15, what is -35 + -136ab9?
-136aee
In base 15, what is 12 - -9b4e?
9b61
In base 15, what is 7 - 13e643c?
-13e6435
In base 13, what is 742532 - b?
742524
In base 4, what is 2212 + -120213?
-112001
In base 12, what is a709 + 5454?
13b61
In base 12, what is 410 + -2626?
-2216
In base 7, what is -4 + 452232166?
452232162
In base 16, what is -2aa4 + -232?
-2cd6
In base 13, what is 1c0004 + 130?
1c0134
In base 7, what is 151455 - -100?
151555
In base 4, what is -2 - 12003311133?
-12003311201
In base 4, what is -33 - 1032300112?
-1032300211
In base 14, what is -683b54a + -3?
-683b54d
In base 9, what is -3458 - 1510?
-5068
In base 14, what is 370 + 6b1d5?
6b565
In base 15, what is 96db + 277?
9963
In base 11, what is -21a41 - -21?
-21a20
In base 4, what is -132100203100 + 102?
-132100202332
In base 6, what is -20453 + -11323?
-32220
In base 6, what is 204 - -10442503?
10443111
In base 7, what is 5 + 114403302?
114403310
In base 4, what is 10122201 - -33000?
10221201
In base 6, what is -51425411414 - -4?
-51425411410
In base 3, what is -1020201 - 112201021?
-120221222
In base 2, what is 1011001001111011111000111 + 1?
1011001001111011111001000
In base 12, what is 1362 - 6223?
-4a81
In base 14, what is -37 - -23206a9?
2320672
In base 14, what is -1a9384a + -5?
-1a93851
In base 11, what is 104428 + 320?
104748
In base 4, what is 311330 - 33210312?
-32232322
In base 15, what is -538a1 - -405?
-5349b
In base 15, what is -a1c - 24de?
-300b
In base 4, what is 1310000200 + -1303?
1303332231
In base 2, what is 11001101110011010000001 + 1?
11001101110011010000010
In base 2, what is -100011010011010111101 - -10010111?
-100011010011000100110
In base 12, what is 207 + -208258?
-208051
In base 15, what is 2 + 316953?
316955
In base 4, what is -1002312 - -3013032?
2010120
In base 8, what is 41105 - -210?
41315
In base 2, what is -11100011011001 + 1011100?
-11100001111101
In base 10, what is -7765288 - 3?
-7765291
In base 16, what is -15181 + 4e?
-15133
In base 13, what is 166 + ac49a?
ac633
In base 6, what is -40303 + -33414?
-114121
In base 8, what is -63705 - 3130?
-67035
In base 12, what is 126 - 27593?
-27469
In base 5, what is 0 - 12444010123?
-12444010123
In base 12, what is 535569 + -393?
535196
In base 14, what is -2 + 34c7b7?
34c7b5
In base 3, what is 210112100220000001 + -11?
210112100212222220
In base 7, what is -216165265 + 2?
-216165263
In base 3, what is 20111220001210 - -12?
20111220001222
In base 10, what is 35713791 + -37?
35713754
In base 9, what is 101 - -23214807?
23215008
In base 13, what is -25 + c0931?
c0909
In base 6, what is 2215102 + -440?
2214222
In base 8, what is 507363126 - -10?
507363136
In base 6, what is -4 + 223313324?
223313320
In base 12, what is -3a6 + b5646?
b5260
In base 13, what is 604 - 174a6?
-16ba2
In base 2, what is 101010001001110011010010111110 + 11?
101010001001110011010011000001
In base 6, what is 5 - -4523211040?
4523211045
In base 11, what is 0 - -2675799a?
2675799a
In base 14, what is -2 + 856c3?
856c1
In base 6, what is 32 - -42004423?
42004455
In base 15, what is 8 - 3e51b7?
-3e51ae
In base 7, what is 13064142 + -424?
13063415
In base 11, what is -406 - 11838?
-12143
In base 13, what is 1 + 1293ac1?
1293ac2
In base 12, what is -77b4543 + 1?
-77b4542
In base 6, what is -3513 - -2320352?
2312435
In base 11, what is 19 - 4729a?
-47281
In base 2, what is 10100001110 - -1010000101101?
1100100111011
In base 3, what is 11 - 10101020120120?
-10101020120102
In base 8, what is 17600665 + 3?
17600670
In base 6, what is -1330021022 + -4?
-1330021030
In base 8, what is 61 + 530540?
530621
In base 14, what is 0 - -3d1d86?
3d1d86
In base 16, what is -d + -800bb?
-800c8
In base 13, what is 69838a3 + -4?
698389c
In base 3, what is 121022122000 + -22122?
121022022101
In base 3, what is -102122002011201 + 0?
-102122002011201
In base 15, what is 408b4b1 + -2?
408b4ae
In base 4, what is 1 - -2031233?
2031300
In base 16, what is -2d31 + -1275?
-3fa6
In base 7, what is 663 + 20142?
21135
In base 7, what is 4464340 + -12?
4464325
In base 13, what is 1 + 30b05b9?
30b05ba
In base 11, what is -3504a + -a580?
-4461a
In base 2, what is -101000 - -1000100001100001110100100?
1000100001100001101111100
In base 13, what is 1c6b42 - -5?
1c6b47
In base 15, what is 6d + -1b3790?
-1b3722
In base 5, what is -4 + 12333414?
12333410
In base 13, what is 188625c - -4?
1886263
In base 8, what is 13 - -1163101?
1163114
In base 16, what is -e7 - -23162?
2307b
In base 12, what is 4 - -8386970a?
83869712
In base 16, what is 36fab6 - 3?
36fab3
In base 8, what is -11556725455 + 0?
-11556725455
In base 9, what is -804384517 - 1?
-804384518
In base 3, what is -110222120 + -100020020?
-211012210
In base 15, what is 1a + 29572e?
295749
In base 4, what is -32310130 + 131023?
-32113101
In base 2, what is -100110100111101010011110 + -101?
-100110100111101010100011
In base 4, what is 11103032022 - 2?
11103032020
In base 3, what is 201020120211111 + -12?
201020120211022
In base 2, what is -111101001111111000001100100 - 100?
-111101001111111000001101000
In base 3, what is 0 - -10201011002210012?
10201011002210012
In base 12, what is -3236082 + -14?
-3236096
In base 16, what is -1b41 + 11799?
fc58
In base 2, what is 10111010110100001011101 - 1000110?
10111010110100000010111
In base 11, what is 0 - 40627?
-40627
In base 3, what is 10121101220021010 - 2?
10121101220021001
In base 13, what is -408 + 177b8?
173b0
In base 14, what is 12a - -1238d?
124b9
In base 8, what is 17 - -23176414?
23176433
In base 6, what is -42 - -233430?
233344
In base 13, what is -3c2a7 - 43?
-3c31a
In base 2, what is -110110 - 11101101111111101?
-11101110000110011
In base 11, what is 4a96613 + 1?
4a96614
In base 16, what is -44097a35 + 2?
-44097a33
In base 14, what is 34 - -3077?
30ab
In base 14, what is 7 - 1439c2?
-1439b9
In base 11, what is -133 + a2036?
a1a03
In base 11, what is 2335 - -5047?
7381
In base 6, what is -14 + 351224003?
351223545
In base 12, what is -42 + 8a9a7?
8a965
In base 6, what is -4 - 435024340?
-435024344
In base 8, what is -2 + -10262416?
-10262420
In base 9, what is 185712683 - 3?
185712680
In base 8, what is -140013 + 250?
-137543
In base 11, what is 83808a8 - 11?
8380897
In base 16, what is 19ec3f1 - 4?
19ec3ed
In base 9, what is 78355 - 1744?
76511
In base 13, what is -ba + 174788?
17469b
In base 10, what is 18258 + -409?
17849
In base 13, what is -44117a - -3?
-441177
In base 9, what is 67014 - -733?
67747
In base 3, what is -222022012111122 + -2?
-222022012111201
In base 7, what is 212522 + 46?
212601
In base 6, what is 1 + -203315451?
-203315450
In base 11, what is -86493 - 69?
-86551
In base 13, what is -292a + -39095?
-3b9c2
In base 2, what is 110101111101110100 + -1001?
110101111101101011
In base 11, what is 4 - 21614692?
-21614689
In base 5, what is 0 - 33200204?
-33200204
In base 14, what is -35d - -684?
325
In base 9, what is 13314084 + 40?
13314134
In base 3, what is 12 - -11201000021200222?
11201000021201011
In base 15, what is 6 - -24c5cc?
24c5d3
In base 14, what is -56c3308d - -1?
-56c3308c
In base 7, what is -3366054 - -52?
-3366002
In base 14, what is -8 - -3b2896?
3b288c
In base 7, what is 241 - -135012?
135253
In base 10, what is 3525 + 5728?
9253
In base 13, what is 21049 + 1235?
22281
In base 7, what is 133 - -65155443?
65155606
In base 10, what is 419595 - 195?
419400
In base 2, what is 101000110000 - 1100101101100?
-111100111100
In base 13, what is 235602a1 + 4?
235602a5
In base 16, what is -14 - -488ca0?
488c8c
In base 3, what is -11 - 2000001121212202?
-2000001121212220
In base 2, what is 111 + -10111100101110010100000?
-10111100101110010011001
In base 4, what is -10010032110 - 31?
-10010032201
In base 9, what is -3137784 + 4?
-3137780
In base 16, what is 2bcee3 - 91?
2bce52
In base 6, what is 1123504045 - 0?
1123504045
In base 6, what is 3 + -3441140000?
-3441135553
In base 10, what is 2830 + -8002?
-5172
In base 10, what is 7 + 6230211?
6230218
In base 4, what is 231021321 - 131?
231021130
In base 11, what is -2144 - 437a?
-6513
In base 3, what is 111000000011112 + -10?
111000000011102
In base 12, what is 31 + 399291?
399302
In base 15, what is 2200c253 - 3?
2200c250
In base 8, wha